pose 3*x - 5*p = 2764, -k*x + 2303 + 411 = 5*p. What are the prime factors of x?
11, 83
Suppose 676 + 20 = 3*a. Suppose -j - 2*m = -a, -172 = -j + 3*m + 85. List the prime factors of j.
2, 11
Let f(b) be the third derivative of b**4/24 + 4*b**3 - 4*b**2. Let v(r) = 13*r**2 + r - 1. Let z be v(1). List the prime factors of f(z).
37
Suppose 0 = 115*h - 2162743 - 2272807. List the prime factors of h.
2, 5, 7, 19, 29
Let z = -621 - -666. What are the prime factors of z?
3, 5
List the prime factors of (-33067)/(-4) - -2*16/128.
7, 1181
Let t(b) = -12*b - 34. Let q(m) = 2*m + 34. Let z be q(-13). Suppose 0 = -j - z - 1. What are the prime factors of t(j)?
2, 37
Let y(v) = -1131*v - 3312. List the prime factors of y(-8).
2, 3, 239
Let s(m) = 210*m + 284. Let x be s(7). Let i = x - 1015. List the prime factors of i.
739
Suppose -4*w = r + 17, -3*w = 5*r - 4*w - 20. Suppose a - r*d = 7, 0 = 2*a + a + d - 11. Suppose 485 = 5*b - q, b + a*q - 97 = 7*q. List the prime factors of b.
97
Suppose 2 + 3 = -u - 3*a, -4*u = -2*a + 34. What are the prime factors of 5/(-20) + (-4866)/u?
2, 19
Let y = -745 + 358. Let w = 812 + y. List the prime factors of w.
5, 17
Let q = 24047 + 18430. What are the prime factors of q?
3, 14159
Suppose 11*r = -7143 + 89467. List the prime factors of r.
2, 1871
Let w = 224 + -197. Suppose 17259 = 6*y + w*y. List the prime factors of y.
523
Let a(u) = u + 2. Let k(o) = 10*o + 20. Let z(s) = -18*a(s) + 2*k(s). List the prime factors of z(2).
2
What are the prime factors of -7 + (34 - 28 - 23652/(-2))?
5, 11, 43
Suppose 128*u = 121*u + 21. Suppose -w + 1213 = 2*q + 344, -1309 = -u*q + 4*w. What are the prime factors of q?
3, 5, 29
Let h(a) = -23*a**3 - 20*a**2 - 3*a + 75. List the prime factors of h(-10).
3, 5, 7, 67
Let d = 12 + -6. Suppose -d*s = -52 + 16. List the prime factors of (-6)/s*-3 + 187.
2, 5, 19
Let p = -178 - -182. What are the prime factors of (2 + p)/(51/(-57) + 1)?
3, 19
Let c = -239 + 433. Let i = -52 + c. Suppose 2*t + 2*t = 2*a - i, -5*t = -2*a + 142. List the prime factors of a.
71
Let i = -74421 + 118697. List the prime factors of i.
2, 11069
Let q(a) = -91*a**3 + a**2 - 5*a - 9. Let p(g) = 2*g - 42. Let o be p(20). List the prime factors of q(o).
733
Suppose -23*v - 7*v - 8*v = -582008. What are the prime factors of v?
2, 7, 547
Let o be -11 + 4 + 0 + 7. Suppose 8*h + h - 4212 = o. What are the prime factors of h?
2, 3, 13
Suppose 5*i - 7 = 98. Suppose -24*f - 6 = -i*f. What are the prime factors of -3 + (f - 1 - -78)?
2, 3
Suppose 0 = -59*a + 840721 - 75255. What are the prime factors of a?
2, 13, 499
Let a(g) = -19*g - 183. Let x be (-232)/(-174)*(-2 + 22/(-4)). What are the prime factors of a(x)?
7
Suppose -3*g - 5*n + 2*n - 30 = 0, -3*g - 5*n - 26 = 0. Let u = 23 + g. Suppose 115 = 5*h - z, u = h - 2*z - 12. What are the prime factors of h?
23
Let z = -138 + -868. Let n = z + 1475. List the prime factors of n.
7, 67
Let t(v) = -46*v + 10. Let k be t(-4). Suppose 2*p + 4*z + 84 = -74, k = -2*p + 5*z. Let q = p - -178. List the prime factors of q.
7, 13
Let d = 26 + -31. Let x(i) = 3*i**2 + 5*i + 17. Let p be x(d). Suppose -2*v = -0*z + z - p, 3*v = -2*z + 136. What are the prime factors of z?
71
Let o(u) = u**2 - 43*u - 42. What are the prime factors of o(65)?
2, 347
Let n be -24*(4/(-8) + 3). Let a = n - -70. List the prime factors of -4 + 1109/5 - (-2)/a.
2, 109
Let x(u) = 1. Let f(c) = c**2 - 4*c - 26. Let h be f(8). Let z(n) = 7*n + 12. Let o(a) = h*x(a) - z(a). What are the prime factors of o(-4)?
2, 11
Suppose -7*g + 15 = -2*g. Suppose g*o + 1038 = 3*n, -3*n + 1054 = 3*o + 2*o. Suppose 2*j + j = n. What are the prime factors of j?
2, 29
What are the prime factors of 3 + 11/(-4) + 151506/24?
59, 107
Let c(l) = 11*l**3 - 13*l**2 + 10*l + 39. Let f(q) = -31*q**3 + 39*q**2 - 29*q - 116. Let u(s) = 17*c(s) + 6*f(s). What are the prime factors of u(-8)?
11, 29
Let y(i) = 5*i + 92. Let r(o) = 29*o**2 - 6*o - 3. Let s be r(-1). What are the prime factors of y(s)?
2, 3, 7
What are the prime factors of 28047/(-4)*(3440/60)/(-43)?
9349
Suppose -3*i + 4*h = -14113, -14*h - 4700 = -i - 17*h. List the prime factors of i.
4703
Let f = -1244 - -730. Let p = f - -2647. What are the prime factors of p?
3, 79
Let p be 5/(5/282)*90/36. Suppose 5*n = 2635 - p. List the prime factors of n.
2, 193
List the prime factors of 56/(-98) + (-1954600)/(-56) + -10.
3, 3877
Let n = -113 - -118. Suppose -n*y + 405 = 5*a, -328 = -4*a - 6*y + 3*y. What are the prime factors of a?
5, 17
Let k be 300/145 + (-14)/203. List the prime factors of 2935/(-10)*(0 + -4)/k.
587
Let d = 34307 + -20432. List the prime factors of d.
3, 5, 37
Suppose -38*v - 48 = -22*v. Let i(z) = -33*z**3 + 4*z**2 + 6*z + 9. What are the prime factors of i(v)?
2, 3, 17
Suppose 5*j = -4*b - 1181 + 3166, -2*j + 990 = 2*b. Let u(a) = b + 7*a**2 + 4*a**3 - 482 - 5*a**3 - 9*a. List the prime factors of u(5).
13
List the prime factors of 1*(-2)/3 + (-17 - 326000/(-30)).
19, 571
Let l be 24/(-48)*(-228 - (1 + -3)). Suppose 5*b = r - l, 0*r - 4*r - 4*b + 452 = 0. List the prime factors of r.
113
Let w be -12*(-2152)/40 - 3/5. Let f be 4/1 + 2/4*-758. Let b = f + w. List the prime factors of b.
2, 3, 5
Suppose -6*m + 1399 = -m + 2*s, -2*s - 6 = 0. Suppose l - m = -5*f + 29, -l - 310 = -5*f. What are the prime factors of f?
2, 31
Suppose -4*r - 2*o + 61980 = 0, 46478 = 3*r + 29*o - 31*o. What are the prime factors of r?
2, 61, 127
Let a be (1/((-2)/2))/(1/(-36)). Let u = -4 + 28. List the prime factors of a/u*(-256)/(-6).
2
Let s(r) = -r**3 - 33*r**2 - 85*r - 41. What are the prime factors of s(-34)?
3, 5, 89
Suppose 7*h - 8*h = -368. Suppose -6*s = h - 2378. What are the prime factors of s?
5, 67
Let s be 18/22 - (8 - (-810)/(-99)). What are the prime factors of (((-333)/12)/s)/(27/(-396))?
11, 37
List the prime factors of (34 - 19) + -20 + -1*4*-1453.
5807
Let m be -23*42/(-28)*(-2)/(-3). Suppose 10257 = -10*u + m*u. What are the prime factors of u?
3, 263
Suppose 0 = 2*h - 4*h + 8. Suppose 3*x + 3*r + 3 = 0, -6 = 5*x + h*r - 0. List the prime factors of 1 - ((-400)/3 + x/(-6)).
2, 67
Let f(l) = 29*l**2 + 2*l + 1. Let t be f(-2). Suppose 91 = -5*j - 239. Let m = t + j. What are the prime factors of m?
47
Let o(y) = 413*y - 222. Let x be o(4). Let d = x - 999. What are the prime factors of d?
431
Suppose 6*i - 14 = 4. Suppose i*a = 7*a + 5*m - 1460, 16 = -4*m. What are the prime factors of a?
2, 5, 37
Suppose 33*m - 28*m + 25 = 0, -22483 = -2*t - m. What are the prime factors of t?
2, 3, 937
What are the prime factors of ((-6294)/(-8))/(((-2565)/(-304))/45)?
2, 1049
Suppose -12 = 227*q - 233*q. What are the prime factors of (-1392)/(-33) - 4 - q/11?
2, 19
Suppose -33*r + 115322 = -295495. What are the prime factors of r?
59, 211
Let j(l) = 11*l + 1. Let r be (-6)/(-9) + (-2)/((-6)/13). Suppose -37 = -r*i - 12. List the prime factors of j(i).
2, 7
Let w(o) = 12*o - 51. Let c be 70/4 - (7/2 - 1). What are the prime factors of w(c)?
3, 43
Let i = 5563 - 5539. Let k = -3 + 3. Let q = i - k. What are the prime factors of q?
2, 3
Suppose 2*d + 3*w - 3121 - 22520 = 0, -d + 2*w = -12831. What are the prime factors of d?
3, 5, 19
Suppose -h - 1 = 4*b, 0 = 2*h - 5*b - 29 - 8. Let w be h/1 + (0 - 3/(-1)). List the prime factors of 498/14 - 8/w.
5, 7
Let v(q) = 15*q + 15*q + 1 - 31*q. Let m be v(-3). Suppose 0 = w + 3*w + 5*o - 272, m*w + 3*o - 272 = 0. List the prime factors of w.
2, 17
Let t(k) = 5*k**2 + 4*k + 4. Let h be t(-1). List the prime factors of (5736/15)/8*h.
239
Let v = -411 - -779. Let n = 738 - v. What are the prime factors of n?
2, 5, 37
Suppose -12892 = -5*f + s, 336*s = 2*f + 334*s - 5152. List the prime factors of f.
2579
Let y(r) = r + 9*r**2 - 2 - 6*r**2 + 0 + 10*r. Let z be y(-8). Suppose 0 = 2*l - l + 5*w - 36, w = 4*l - z. What are the prime factors of l?
2, 13
Let d(b) = 3*b**2 - 24*b - 17. Let w be d(-21). Suppose -y - j + w = 4*y, y = -3*j + 348. List the prime factors of y.
3, 11
Suppose 68*r - 855849 - 387454 = -326595. List the prime factors of r.
13, 17, 61
Let a(v) = v**3 - 17*v**2 + 46*v + 11. Let k be 1022/70 - (-6)/(-10). What are the prime factors of a(k)?
67
Let r(g) = -1569*g**3 - 2*g**2 + 5*g - 12. Let w be r(3). List the prime factors of 6/(-1